{"id":267,"date":"2020-06-30T11:57:07","date_gmt":"2020-06-30T11:57:07","guid":{"rendered":"https:\/\/bloguelangues.cecm.ca\/?page_id=267"},"modified":"2021-06-16T12:49:08","modified_gmt":"2021-06-16T12:49:08","slug":"a-propos","status":"publish","type":"page","link":"https:\/\/bloguelangues.cecm.ca\/?page_id=267&lang=fr","title":{"rendered":"\u00c0 propos"},"content":{"rendered":"\n<p class=\"has-text-align-center has-vivid-cyan-blue-color has-text-color\" style=\"font-size:33px\"><strong>QUI SOMMES-NOUS?<\/strong><\/p>\n\n\n\n<p class=\"has-text-align-center\">Vous avez surement beaucoup de questions et vous vous demandez peut-\u00eatre&#8230; C&#8217;est quoi le C\u00c9CM? C&#8217;est o\u00f9 Montmagny? C&#8217;est quoi le programme Langues? C&#8217;est quoi l&#8217;immersion? Qui sont les professeurs? Et bien, cette section contient toute l&#8217;information afin que vous appreniez \u00e0 nous conna\u00eetre davantage.<\/p>\n\n\n\n<p class=\"has-text-align-center has-vivid-cyan-blue-color has-text-color\" style=\"font-size:25px\"><strong>Le Centre d&#8217;\u00e9tudes coll\u00e9giales de Montmagny <\/strong>(C\u00c9CM)<\/p>\n\n\n\n<div class=\"wp-block-image\"><figure class=\"alignleft size-large is-resized\"><img decoding=\"async\" loading=\"lazy\" src=\"https:\/\/bloguelangues.cecm.ca\/wp-content\/uploads\/2020\/06\/CECM.jpg\" alt=\"\" class=\"wp-image-292\" width=\"418\" height=\"257\" srcset=\"https:\/\/bloguelangues.cecm.ca\/wp-content\/uploads\/2020\/06\/CECM.jpg 600w, https:\/\/bloguelangues.cecm.ca\/wp-content\/uploads\/2020\/06\/CECM-300x185.jpg 300w\" sizes=\"(max-width: 418px) 100vw, 418px\" \/><\/figure><\/div>\n\n\n\n<p class=\"has-text-align-center has-normal-font-size\">Le&nbsp;<strong>Centre d&#8217;\u00e9tudes coll\u00e9giales de Montmagny<\/strong>&nbsp;(C\u00c9CM) est un \u00e9tablissement d&#8217;\u00e9tudes coll\u00e9giales relevant du&nbsp;<a href=\"https:\/\/fr.wikipedia.org\/wiki\/C%C3%A9gep_de_La_Pocati%C3%A8re\" target=\"_blank\" rel=\"noreferrer noopener\">C\u00e9gep de La Pocati\u00e8re<\/a>.<\/p>\n\n\n\n<div class=\"wp-block-image\"><figure class=\"alignright size-large is-resized\"><img decoding=\"async\" loading=\"lazy\" src=\"https:\/\/bloguelangues.cecm.ca\/wp-content\/uploads\/2020\/06\/Montmagny-map.jpg\" alt=\"\" class=\"wp-image-295\" width=\"283\" height=\"172\" srcset=\"https:\/\/bloguelangues.cecm.ca\/wp-content\/uploads\/2020\/06\/Montmagny-map.jpg 370w, https:\/\/bloguelangues.cecm.ca\/wp-content\/uploads\/2020\/06\/Montmagny-map-300x182.jpg 300w\" sizes=\"(max-width: 283px) 100vw, 283px\" \/><figcaption><br><\/figcaption><\/figure><\/div>\n\n\n\n<p class=\"has-text-align-center has-normal-font-size\"><a rel=\"noreferrer noopener\" href=\"https:\/\/www.ville.montmagny.qc.ca\/\" target=\"_blank\">Montmagny<\/a>&nbsp;est une petite ville  situ\u00e9e \u00e0 une quarantaine de minutes de la Ville de Qu\u00e9bec, au Canada.<\/p>\n\n\n\n<p class=\"has-text-align-center\">________________________________<\/p>\n\n\n\n<p><\/p>\n\n\n\n<p class=\"has-text-align-center has-vivid-cyan-blue-color has-text-color\" style=\"font-size:25px\"><strong>Le programme Langues<\/strong><\/p>\n\n\n\n<p class=\"has-text-align-center\" style=\"font-size:18px\"><strong>Les d\u00e9couvertes et les voyages sont au c\u0153ur de l\u2019apprentissage<\/strong>.<\/p>\n\n\n\n<p class=\"has-text-align-justify has-normal-font-size\">Fond\u00e9 en 2009, le programme&nbsp;<em><a href=\"https:\/\/www.cecm.ca\/programmes\/preuniversitaires\/arts-lettres-et-communication-langues\/\">Arts, lettres et communication \/\/ Langues<\/a><\/em>, commun\u00e9ment appel\u00e9 le programme Langues, est un programme unique en son genre qui permet aux \u00e9tudiants de d\u00e9couvrir diverses cultures, ma\u00eetriser l\u2019anglais et l\u2019espagnol, et se familiariser avec d\u2019autres langues comme le japonais, l\u2019allemand et l\u2019italien.<\/p>\n\n\n\n<figure class=\"wp-block-embed is-type-video is-provider-youtube wp-block-embed-youtube wp-embed-aspect-16-9 wp-has-aspect-ratio\"><div class=\"wp-block-embed__wrapper\">\n<iframe loading=\"lazy\" title=\"Arts, lettres et communication, option Langues\" width=\"500\" height=\"281\" src=\"https:\/\/www.youtube.com\/embed\/5w0P-Gb6eqw?feature=oembed\" frameborder=\"0\" allow=\"accelerometer; autoplay; clipboard-write; encrypted-media; gyroscope; picture-in-picture\" allowfullscreen><\/iframe>\n<\/div><\/figure>\n\n\n\n<p class=\"has-text-align-justify\">Les d\u00e9couvertes et les voyages sont au c\u0153ur de l\u2019apprentissage du programme Langues. Au cours de leur parcours scolaire, les \u00e9tudiants explorent diff\u00e9rentes cultures et coutumes par le biais d&#8217;une vari\u00e9t\u00e9 d&#8217;activit\u00e9s, et l&#8217;exp\u00e9rience de vie inoubliable qu&#8217;est le stage d&#8217;immersion. <\/p>\n\n\n\n<p><\/p>\n\n\n\n<figure class=\"wp-block-gallery columns-3 is-cropped wp-block-gallery-1 is-layout-flex\"><ul class=\"blocks-gallery-grid\"><li class=\"blocks-gallery-item\"><figure><img decoding=\"async\" loading=\"lazy\" width=\"1947\" height=\"1344\" src=\"https:\/\/immersion.cecm.profweb.ca\/wp-content\/uploads\/2020\/07\/50853167_10216284156429226_6770773667333799936_o.jpg?fit=525%2C362\" alt=\"\" data-id=\"512\" data-link=\"https:\/\/bloguelangues.cecm.ca\/?attachment_id=512\" class=\"wp-image-512\" srcset=\"https:\/\/bloguelangues.cecm.ca\/wp-content\/uploads\/2020\/07\/50853167_10216284156429226_6770773667333799936_o.jpg 1947w, https:\/\/bloguelangues.cecm.ca\/wp-content\/uploads\/2020\/07\/50853167_10216284156429226_6770773667333799936_o-300x207.jpg 300w, https:\/\/bloguelangues.cecm.ca\/wp-content\/uploads\/2020\/07\/50853167_10216284156429226_6770773667333799936_o-1024x707.jpg 1024w, https:\/\/bloguelangues.cecm.ca\/wp-content\/uploads\/2020\/07\/50853167_10216284156429226_6770773667333799936_o-768x530.jpg 768w, https:\/\/bloguelangues.cecm.ca\/wp-content\/uploads\/2020\/07\/50853167_10216284156429226_6770773667333799936_o-1536x1060.jpg 1536w\" sizes=\"(max-width: 1947px) 100vw, 1947px\" \/><figcaption class=\"blocks-gallery-item__caption\">Atelier de calligraphie japonaise<\/figcaption><\/figure><\/li><li class=\"blocks-gallery-item\"><figure><img decoding=\"async\" loading=\"lazy\" width=\"561\" height=\"391\" src=\"https:\/\/bloguelangues.cecm.ca\/wp-content\/uploads\/2020\/07\/Mus\u00e9e-Frida.png\" alt=\"\" data-id=\"515\" data-link=\"https:\/\/bloguelangues.cecm.ca\/?attachment_id=515\" class=\"wp-image-515\" srcset=\"https:\/\/bloguelangues.cecm.ca\/wp-content\/uploads\/2020\/07\/Mus\u00e9e-Frida.png 561w, https:\/\/bloguelangues.cecm.ca\/wp-content\/uploads\/2020\/07\/Mus\u00e9e-Frida-300x209.png 300w\" sizes=\"(max-width: 561px) 100vw, 561px\" \/><figcaption class=\"blocks-gallery-item__caption\">Exposition Frida Kahlo<\/figcaption><\/figure><\/li><li class=\"blocks-gallery-item\"><figure><img decoding=\"async\" loading=\"lazy\" width=\"960\" height=\"935\" src=\"https:\/\/bloguelangues.cecm.ca\/wp-content\/uploads\/2020\/07\/Montreal-2.jpg\" alt=\"\" data-id=\"516\" data-full-url=\"https:\/\/immersion.cecm.profweb.ca\/wp-content\/uploads\/2020\/07\/Montreal-2.jpg?fit=960%2C935\" data-link=\"https:\/\/bloguelangues.cecm.ca\/?attachment_id=516\" class=\"wp-image-516\" srcset=\"https:\/\/bloguelangues.cecm.ca\/wp-content\/uploads\/2020\/07\/Montreal-2.jpg 960w, https:\/\/bloguelangues.cecm.ca\/wp-content\/uploads\/2020\/07\/Montreal-2-300x292.jpg 300w, https:\/\/bloguelangues.cecm.ca\/wp-content\/uploads\/2020\/07\/Montreal-2-768x748.jpg 768w\" sizes=\"(max-width: 960px) 100vw, 960px\" \/><figcaption class=\"blocks-gallery-item__caption\">Visite culturelle \u00e0 Montr\u00e9al<\/figcaption><\/figure><\/li><li class=\"blocks-gallery-item\"><figure><img decoding=\"async\" loading=\"lazy\" width=\"960\" height=\"720\" src=\"https:\/\/bloguelangues.cecm.ca\/wp-content\/uploads\/2020\/06\/44713524_10155853537881705_4670979953209114624_n.jpg\" alt=\"\" data-id=\"315\" data-link=\"https:\/\/bloguelangues.cecm.ca\/?attachment_id=315\" class=\"wp-image-315\" srcset=\"https:\/\/bloguelangues.cecm.ca\/wp-content\/uploads\/2020\/06\/44713524_10155853537881705_4670979953209114624_n.jpg 960w, https:\/\/bloguelangues.cecm.ca\/wp-content\/uploads\/2020\/06\/44713524_10155853537881705_4670979953209114624_n-300x225.jpg 300w, https:\/\/bloguelangues.cecm.ca\/wp-content\/uploads\/2020\/06\/44713524_10155853537881705_4670979953209114624_n-768x576.jpg 768w\" sizes=\"(max-width: 960px) 100vw, 960px\" \/><figcaption class=\"blocks-gallery-item__caption\">C\u00e9l\u00e9bration du jour des Morts (D\u00eda de Muertos)<\/figcaption><\/figure><\/li><\/ul><\/figure>\n\n\n\n<p class=\"has-text-align-center\">________________________________<\/p>\n\n\n\n<p class=\"has-text-align-center has-vivid-cyan-blue-color has-text-color\" style=\"font-size:25px\"><strong>Le stage d&#8217;immersion<\/strong><\/p>\n\n\n\n<p class=\"has-text-align-justify has-normal-font-size\">Afin d\u2019obtenir leur dipl\u00f4me, tous les \u00e9tudiants doivent partir en stage d&#8217;immersion \u00e0 l\u2019\u00e9tranger dans une autre langue (anglais ou espagnol) et une autre culture. Cette exp\u00e9rience les transforme&nbsp;en leur offrant une occasion exceptionnelle de d\u00e9velopper leur maturit\u00e9,&nbsp;tout en approfondissant leurs valeurs personnelles dans cette ouverture sur le monde.&nbsp;<\/p>\n\n\n\n<p class=\"has-text-align-center\" style=\"font-size:18px\"><strong>\u00c0 ce jour, ce sont plus de 120 \u00e9tudiants qui ont profit\u00e9 d\u2019un enseignement personnalis\u00e9 et qui ont pu vivre une exp\u00e9rience d\u2019immersion \u00e0 l&#8217;\u00e9tranger. <\/strong><\/p>\n\n\n\n<figure class=\"wp-block-gallery columns-3 is-cropped wp-block-gallery-3 is-layout-flex\"><ul class=\"blocks-gallery-grid\"><li class=\"blocks-gallery-item\"><figure><img decoding=\"async\" loading=\"lazy\" width=\"960\" height=\"960\" src=\"https:\/\/bloguelangues.cecm.ca\/wp-content\/uploads\/2020\/06\/SanDiego-2.jpg\" alt=\"\" data-id=\"320\" data-link=\"https:\/\/bloguelangues.cecm.ca\/?attachment_id=320\" class=\"wp-image-320\" srcset=\"https:\/\/bloguelangues.cecm.ca\/wp-content\/uploads\/2020\/06\/SanDiego-2.jpg 960w, https:\/\/bloguelangues.cecm.ca\/wp-content\/uploads\/2020\/06\/SanDiego-2-300x300.jpg 300w, https:\/\/bloguelangues.cecm.ca\/wp-content\/uploads\/2020\/06\/SanDiego-2-150x150.jpg 150w, https:\/\/bloguelangues.cecm.ca\/wp-content\/uploads\/2020\/06\/SanDiego-2-768x768.jpg 768w, https:\/\/bloguelangues.cecm.ca\/wp-content\/uploads\/2020\/06\/SanDiego-2-100x100.jpg 100w\" sizes=\"(max-width: 960px) 100vw, 960px\" \/><figcaption class=\"blocks-gallery-item__caption\">Sarah-Mich\u00e8le &#8211; Californie<\/figcaption><\/figure><\/li><li class=\"blocks-gallery-item\"><figure><img decoding=\"async\" loading=\"lazy\" width=\"960\" height=\"720\" src=\"https:\/\/bloguelangues.cecm.ca\/wp-content\/uploads\/2020\/07\/54428697_2160793374013261_4204964297807233024_n.jpg\" alt=\"\" data-id=\"520\" data-link=\"https:\/\/bloguelangues.cecm.ca\/?attachment_id=520\" class=\"wp-image-520\" srcset=\"https:\/\/bloguelangues.cecm.ca\/wp-content\/uploads\/2020\/07\/54428697_2160793374013261_4204964297807233024_n.jpg 960w, https:\/\/bloguelangues.cecm.ca\/wp-content\/uploads\/2020\/07\/54428697_2160793374013261_4204964297807233024_n-300x225.jpg 300w, https:\/\/bloguelangues.cecm.ca\/wp-content\/uploads\/2020\/07\/54428697_2160793374013261_4204964297807233024_n-768x576.jpg 768w\" sizes=\"(max-width: 960px) 100vw, 960px\" \/><figcaption class=\"blocks-gallery-item__caption\">M\u00e9lina &#8211; Panama<\/figcaption><\/figure><\/li><li class=\"blocks-gallery-item\"><figure><img decoding=\"async\" loading=\"lazy\" width=\"800\" height=\"533\" src=\"https:\/\/bloguelangues.cecm.ca\/wp-content\/uploads\/2020\/07\/58441525_1928133633957314_2521891718312230912_n.jpg\" alt=\"\" data-id=\"531\" data-link=\"https:\/\/bloguelangues.cecm.ca\/?attachment_id=531\" class=\"wp-image-531\" srcset=\"https:\/\/bloguelangues.cecm.ca\/wp-content\/uploads\/2020\/07\/58441525_1928133633957314_2521891718312230912_n.jpg 800w, https:\/\/bloguelangues.cecm.ca\/wp-content\/uploads\/2020\/07\/58441525_1928133633957314_2521891718312230912_n-300x200.jpg 300w, https:\/\/bloguelangues.cecm.ca\/wp-content\/uploads\/2020\/07\/58441525_1928133633957314_2521891718312230912_n-768x512.jpg 768w\" sizes=\"(max-width: 800px) 100vw, 800px\" \/><figcaption class=\"blocks-gallery-item__caption\">Rebecca &#8211; \u00c9quateur<\/figcaption><\/figure><\/li><li class=\"blocks-gallery-item\"><figure><img decoding=\"async\" loading=\"lazy\" width=\"720\" height=\"960\" src=\"https:\/\/bloguelangues.cecm.ca\/wp-content\/uploads\/2020\/07\/29512721_1268876289922522_1547317656641648048_n.jpg\" alt=\"\" data-id=\"530\" data-link=\"https:\/\/bloguelangues.cecm.ca\/?attachment_id=530\" class=\"wp-image-530\" srcset=\"https:\/\/bloguelangues.cecm.ca\/wp-content\/uploads\/2020\/07\/29512721_1268876289922522_1547317656641648048_n.jpg 720w, https:\/\/bloguelangues.cecm.ca\/wp-content\/uploads\/2020\/07\/29512721_1268876289922522_1547317656641648048_n-225x300.jpg 225w\" sizes=\"(max-width: 720px) 100vw, 720px\" \/><figcaption class=\"blocks-gallery-item__caption\">Laurence &#8211; P\u00e9rou<\/figcaption><\/figure><\/li><li class=\"blocks-gallery-item\"><figure><img decoding=\"async\" loading=\"lazy\" width=\"960\" height=\"720\" src=\"https:\/\/bloguelangues.cecm.ca\/wp-content\/uploads\/2020\/08\/56890280_2092212604230471_2909062447153283072_n.jpg\" alt=\"\" data-id=\"1493\" data-link=\"https:\/\/bloguelangues.cecm.ca\/?attachment_id=1493\" class=\"wp-image-1493\" srcset=\"https:\/\/bloguelangues.cecm.ca\/wp-content\/uploads\/2020\/08\/56890280_2092212604230471_2909062447153283072_n.jpg 960w, https:\/\/bloguelangues.cecm.ca\/wp-content\/uploads\/2020\/08\/56890280_2092212604230471_2909062447153283072_n-300x225.jpg 300w, https:\/\/bloguelangues.cecm.ca\/wp-content\/uploads\/2020\/08\/56890280_2092212604230471_2909062447153283072_n-768x576.jpg 768w\" sizes=\"(max-width: 960px) 100vw, 960px\" \/><figcaption class=\"blocks-gallery-item__caption\">Kim &#8211; Guatemala<\/figcaption><\/figure><\/li><li class=\"blocks-gallery-item\"><figure><img decoding=\"async\" loading=\"lazy\" width=\"720\" height=\"960\" src=\"https:\/\/bloguelangues.cecm.ca\/wp-content\/uploads\/2020\/08\/30710874_1547759905334697_1185461452446629888_n.jpg\" alt=\"\" data-id=\"1494\" data-full-url=\"https:\/\/immersion.cecm.profweb.ca\/wp-content\/uploads\/2020\/08\/30710874_1547759905334697_1185461452446629888_n.jpg?fit=720%2C960\" data-link=\"https:\/\/bloguelangues.cecm.ca\/?attachment_id=1494\" class=\"wp-image-1494\" srcset=\"https:\/\/bloguelangues.cecm.ca\/wp-content\/uploads\/2020\/08\/30710874_1547759905334697_1185461452446629888_n.jpg 720w, https:\/\/bloguelangues.cecm.ca\/wp-content\/uploads\/2020\/08\/30710874_1547759905334697_1185461452446629888_n-225x300.jpg 225w\" sizes=\"(max-width: 720px) 100vw, 720px\" \/><figcaption class=\"blocks-gallery-item__caption\">Samuel &#8211; Hawa\u00ef<\/figcaption><\/figure><\/li><\/ul><\/figure>\n\n\n\n<p class=\"has-text-align-center\">________________________________<\/p>\n\n\n\n<p class=\"has-text-align-center has-vivid-cyan-blue-color has-text-color\" style=\"font-size:25px\"><strong>Les professeurs<\/strong><\/p>\n\n\n\n<p class=\"has-text-align-justify has-normal-font-size\">Les \u00e9tudiants b\u00e9n\u00e9ficient d\u2019un enseignement personnalis\u00e9 hors pair, autant lors de l\u2019\u00e9laboration de leur projet que lors du voyage. <\/p>\n\n\n\n<p class=\"has-text-align-justify has-normal-font-size\">Tout au long de leurs \u00e9tudes, les \u00e9tudiants sont accompagn\u00e9s par leurs professeurs, qui les aident avec leurs stages en organisant des sorties culturelles, en recevant des invit\u00e9s immigrants qui leur parlent du choc culturel ou de l\u2019adaptation \u00e0 un nouvel environnement, en leur donnant des lectures ou des travaux sur le pays de leur choix, etc. <\/p>\n\n\n\n<p class=\"has-text-align-center has-normal-font-size\">Voici les professeurs qui les accompagnent tout au long de cette aventure !<\/p>\n\n\n\n<div class=\"wp-block-image\"><figure class=\"aligncenter size-large is-resized\"><img decoding=\"async\" loading=\"lazy\" src=\"https:\/\/bloguelangues.cecm.ca\/wp-content\/uploads\/2020\/06\/Teachers-2.jpg\" alt=\"\" class=\"wp-image-329\" width=\"396\" height=\"396\" srcset=\"https:\/\/bloguelangues.cecm.ca\/wp-content\/uploads\/2020\/06\/Teachers-2.jpg 512w, https:\/\/bloguelangues.cecm.ca\/wp-content\/uploads\/2020\/06\/Teachers-2-300x300.jpg 300w, https:\/\/bloguelangues.cecm.ca\/wp-content\/uploads\/2020\/06\/Teachers-2-150x150.jpg 150w, https:\/\/bloguelangues.cecm.ca\/wp-content\/uploads\/2020\/06\/Teachers-2-100x100.jpg 100w\" sizes=\"(max-width: 396px) 100vw, 396px\" \/><figcaption>De gauche \u00e0 droite : Tabitha Rondeau, Genevi\u00e8ve Boudreau, Enrique Fernandez Velazquez, Sarah Inkman et Catherine <br>Baillargeon.<\/figcaption><\/figure><\/div>\n","protected":false},"excerpt":{"rendered":"<p>QUI SOMMES-NOUS? Vous avez surement beaucoup de questions et vous vous demandez peut-\u00eatre&#8230; C&#8217;est quoi le C\u00c9CM? C&#8217;est o\u00f9 Montmagny? C&#8217;est quoi le programme Langues? C&#8217;est quoi l&#8217;immersion? Qui sont les professeurs? Et bien, cette section contient toute l&#8217;information afin que vous appreniez \u00e0 nous conna\u00eetre davantage. Le Centre d&#8217;\u00e9tudes coll\u00e9giales de Montmagny (C\u00c9CM) Le&nbsp;Centre d&#8217;\u00e9tudes coll\u00e9giales de Montmagny&nbsp;(C\u00c9CM) est un \u00e9tablissement d&#8217;\u00e9tudes coll\u00e9giales relevant du&nbsp;C\u00e9gep de La Pocati\u00e8re. Montmagny&nbsp;est une petite ville situ\u00e9e \u00e0 une quarantaine de minutes de la Ville de Qu\u00e9bec, au Canada. ________________________________ Le programme Langues Les d\u00e9couvertes et les voyages sont au c\u0153ur de l\u2019apprentissage.<\/p>\n","protected":false},"author":1,"featured_media":0,"parent":0,"menu_order":0,"comment_status":"closed","ping_status":"closed","template":"","meta":[],"_links":{"self":[{"href":"https:\/\/bloguelangues.cecm.ca\/index.php?rest_route=\/wp\/v2\/pages\/267"}],"collection":[{"href":"https:\/\/bloguelangues.cecm.ca\/index.php?rest_route=\/wp\/v2\/pages"}],"about":[{"href":"https:\/\/bloguelangues.cecm.ca\/index.php?rest_route=\/wp\/v2\/types\/page"}],"author":[{"embeddable":true,"href":"https:\/\/bloguelangues.cecm.ca\/index.php?rest_route=\/wp\/v2\/users\/1"}],"replies":[{"embeddable":true,"href":"https:\/\/bloguelangues.cecm.ca\/index.php?rest_route=%2Fwp%2Fv2%2Fcomments&post=267"}],"version-history":[{"count":129,"href":"https:\/\/bloguelangues.cecm.ca\/index.php?rest_route=\/wp\/v2\/pages\/267\/revisions"}],"predecessor-version":[{"id":2809,"href":"https:\/\/bloguelangues.cecm.ca\/index.php?rest_route=\/wp\/v2\/pages\/267\/revisions\/2809"}],"wp:attachment":[{"href":"https:\/\/bloguelangues.cecm.ca\/index.php?rest_route=%2Fwp%2Fv2%2Fmedia&parent=267"}],"curies":[{"name":"wp","href":"https:\/\/api.w.org\/{rel}","templated":true}]}}